)?
2, 3
List the prime factors of 3/((-3)/(-600)*5).
2, 3, 5
Let s(y) be the second derivative of -y**3 - 3*y**2 + 4*y. What are the prime factors of s(-4)?
2, 3
Let l = -148 - -212. What are the prime factors of l?
2
Suppose n = o - 51, -2*o - 4*n = 2*o - 188. What are the prime factors of o?
7
Let j = 13 - 9. Let b = j + 3. What are the prime factors of b?
7
Suppose -3*y = -y - 54. Suppose -4*o = -7*o + y. What are the prime factors of o?
3
Let s be (-6)/4*66/(-9). Let b = 0 - s. Let k = 2 - b. List the prime factors of k.
13
Let u(s) = s**3 - 3*s**2 + s + 5. List the prime factors of u(0).
5
Suppose -4*m + 7*m + 1 = -f, m = -4. Suppose x + 76 = 5*n, -x = -n + f + 5. List the prime factors of n.
3, 5
List the prime factors of 20/50 + (-8)/(-10)*97.
2, 3, 13
Let y = 352 - 246. List the prime factors of y.
2, 53
Let m(p) = -4*p. Let j(f) = -3*f. Let v(w) = 3*j(w) - 2*m(w). Suppose 0 = -2*b + 2*h - 10, 0 = 5*b + 2*h + 18. List the prime factors of v(b).
2
Suppose -2*f + 31 = -15. What are the prime factors of f?
23
List the prime factors of (-1 - 790/(-4))/(36/48).
2, 131
Suppose -7 = -2*b + r, -3*r + 1 + 2 = 2*b. Suppose b*t + 2 = -1. Let v = 4 - t. What are the prime factors of v?
5
Suppose 4*t - u + 150 + 71 = 0, 0 = 3*t + 3*u + 162. List the prime factors of 2/4 - t/10.
2, 3
Let z(r) = -9. Let t(i) = -i. Let c(v) = -t(v) - z(v). What are the prime factors of c(8)?
17
Let t(l) be the third derivative of -l**5/60 - l**4/2 - l**3 - l**2. Let k be t(-10). Let i = k + 4. What are the prime factors of i?
2, 3
Suppose v = 5*j - 101, -100 = -5*j - 3*v - 3. Let m = j - 10. Let i = m + -2. List the prime factors of i.
2
Suppose -3*m + 10 = 2*m. List the prime factors of -1*(-51)/3 - m.
3, 5
Let k = 167 - -100. What are the prime factors of k?
3, 89
Let t be (2/(-4))/(5/70). What are the prime factors of t + 8 - (-1 - 12)?
2, 7
Let g = -24 + 36. Let d = g + -5. List the prime factors of d.
7
Let x(p) be the second derivative of -p**5/60 - p**4/4 - p**3/2 + p**2/2 + 3*p. Let b(o) be the first derivative of x(o). List the prime factors of b(-5).
2
Let u be 8 + 55 + (0 - -1). Suppose 0 = p - 2, i = -3*i - 4*p + u. What are the prime factors of i?
2, 7
Let m(p) = p**3 - 19*p**2 - 9*p + 8. What are the prime factors of m(20)?
2, 3, 19
Suppose -m = 2*v - 52, 5*m + 3*v - 44 = 216. List the prime factors of m.
2, 13
Let w(t) = t**3 + 11*t**2 + 4*t - 10. Let q be w(-10). Suppose 3*l - q - 91 = 0. What are the prime factors of l?
47
Let m be ((-3)/(-9))/((-1)/(-363)). Let x = -75 + m. List the prime factors of x.
2, 23
Let m(g) = -9*g**3 + g**2 - g. Let f be m(2). Let c = f - -118. List the prime factors of c.
2, 3
Suppose 0*x = -7*x + 357. What are the prime factors of x?
3, 17
List the prime factors of -1 + 4 + -3 - -311.
311
Let g(y) = y**2 + y - 10. What are the prime factors of g(-6)?
2, 5
Suppose w - 3*j - 52 = 0, 0 = 5*w - 2*w + 5*j - 212. List the prime factors of w.
2
Let p = 3 + 1. Suppose -5*o - 13 = -2*u + 40, 0 = -3*u - p*o + 45. What are the prime factors of u?
19
Let x(o) = 9*o**3 + 2*o**2 + 4*o - 5. List the prime factors of x(2).
83
Suppose -2 = -12*l + 11*l. Suppose -3*i + 105 = l*i. What are the prime factors of i?
3, 7
Let b be ((-192)/(-10))/(2/20). Let x = 106 - b. What are the prime factors of (-2)/(-5) - x/10?
3
Let o be 1 - -23 - (-5 - -9). Let u = 57 - o. What are the prime factors of u?
37
Let g(v) = -v**3 + 4*v**2 + v - 3. Let l be g(4). Suppose -l = -3*a + 5. Suppose 3*n - 3*b = 0, -a*b - 3*b = -2*n - 6. List the prime factors of n.
2
Let z = -362 - -519. What are the prime factors of z?
157
Let w = 86 - 19. List the prime factors of w.
67
Let t = -8 + 16. Let x = 13 - t. What are the prime factors of x?
5
Let u(l) = -31*l - 7. List the prime factors of u(-2).
5, 11
Let f = -4 + 0. Let n = f + 7. List the prime factors of n.
3
Let y(d) = d + 9. Suppose -u + 30 = 5*q, -3*q + 0*q = 4*u - 103. Suppose 5 = 5*m + u. What are the prime factors of y(m)?
5
Suppose x = -4*x. Let m be 17 + (x - 0) + -2. Suppose -5*u - 3*n + m = 2*n, -n - 39 = -5*u. What are the prime factors of u?
7
Let i(g) = -g - 7. Let a(l) be the first derivative of -8*l - 1. Let p(o) = -2*a(o) + 3*i(o). What are the prime factors of p(-6)?
13
Suppose -3*h + 7 + 2 = 0. Let i = h + -1. What are the prime factors of i?
2
List the prime factors of (-23)/23 - (-1 - 18).
2, 3
Let k be (1 - (-3 + 3))*2. Suppose 3*f = t - 18, -2*t + k*f = -20 + 4. Suppose t*n + 4 + 42 = 4*i, -3*i - 5*n + 49 = 0. What are the prime factors of i?
13
Let u(v) = -v**3 + 8*v**2 - 3*v - 10. List the prime factors of u(7).
2, 3
Suppose -4*f - 5 = -2*c + f, 0 = 2*f - 2. Let u(v) = -v**2 - 5*v. Let i be u(-5). Suppose 0*w - w + c = i. List the prime factors of w.
5
Let h = 2 + 3. Suppose -2*z + h*u + 67 = 0, u = -u + 2. List the prime factors of z.
2, 3
Suppose b + 0*z - 69 = z, -z = 5*b - 345. What are the prime factors of b?
3, 23
Suppose 0 = -2*z + 2 - 8. Let q = z - -8. What are the prime factors of q?
5
Suppose -2*f - 26 + 80 = 0. Let a be 4/18 - (-102)/f. Suppose -v = v + 5*p - 18, a*v - 3*p - 10 = 0. What are the prime factors of v?
2
Let f be ((-10)/(-2) - 2) + -6. Let t(v) = -6*v + 1. List the prime factors of t(f).
19
Suppose 3*k + 5*h - 160 = k, -k = -5*h - 80. What are the prime factors of k?
2, 5
Suppose 4*l + 4*z = 132, -3*l + 3*z + 104 = 5. List the prime factors of l.
3, 11
Let d be ((-63)/(-6))/((-1)/2). Let p = d + 41. What are the prime factors of p?
2, 5
Suppose 0 = -h + 3*q - 3 + 20, 0 = -2*h + 4*q + 32. What are the prime factors of h?
2, 7
Let p be 118/6 - 1/(-3). Let h(z) = z + 2. Let a be h(-6). Let b = a + p. What are the prime factors of b?
2
Let r = 276 + -183. Suppose 4*x = -21 + r. What are the prime factors of x?
2, 3
What are the prime factors of -2*(1 + -2) + 68?
2, 5, 7
Let f = 26 - 21. What are the prime factors of f?
5
Let z(q) = 3*q - q**3 + 5*q**2 - 3*q + q + 4. List the prime factors of z(5).
3
Suppose -5 = -3*y + 1. Suppose y*i - 3*b + 21 = 69, -25 = -i + b. What are the prime factors of i?
3
Let n = 3 - 0. What are the prime factors of 6 - n - -6 - 0?
3
Let r(m) = -m - 1. Let a be r(-1). Suppose 4*f + 5*b - 37 = 0, 3*b = -f + b + 7. List the prime factors of f - (-4 + 3 + a).
2, 7
Let p(k) = -7*k + 3. Let r be 14/(3/3 + 1). Let l(x) = 10*x - 4. Let n(o) = r*p(o) + 5*l(o). What are the prime factors of n(4)?
5
Let t be (-76)/10 - (-2)/(-5). Let v(s) = -s**3 - 8*s**2 + 11. Let u be v(t). Suppose m = -0 + u. List the prime factors of m.
11
Suppose -4*m - 5*f = -65, 0 = -0*m + 5*m + 5*f - 80. What are the prime factors of m?
3, 5
Let o be 3 + -1*(3 - 2). Let t be o/5 + (-140)/(-25). Let q = 22 - t. List the prime factors of q.
2
Suppose 0 = -2*b - 3*g + 20 - 1, -5*b = 4*g - 30. Suppose -b*z = -19 - 5. What are the prime factors of z?
2, 3
Suppose -d + 25 = 4*d. Suppose -1 = d*r - 86. Let l = r - 7. What are the prime factors of l?
2, 5
Let g(c) be the second derivative of -c**3/6 + 7*c**2/2 - 2*c. Let o be g(6). Suppose 51 = 5*k + o. List the prime factors of k.
2, 5
Let n(c) = 34*c - 1. Let x be n(-1). What are the prime factors of (1 - 6/3)*x?
5, 7
Let p = -13 - -23. Suppose -2*w + p = -0*w. List the prime factors of w.
5
Suppose 0 = -0*c + 4*c + 28. Let k = c - -12. Suppose 3 = w - 4*n - 4, -27 = -2*w - k*n. What are the prime factors of w?
11
Let t(v) = 4*v**3 - v**2 - 4*v + 3. Let c(s) = 16*s**3 - 5*s**2 - 17*s + 13. Let y(b) = -2*c(b) + 9*t(b). List the prime factors of y(1).
2
Suppose j - 5*k + 21 = 0, 4*j - k + 1 = 3*j. Suppose -4*a = 3*n - 4*n - 47, 5*n + 43 = j*a. List the prime factors of a.
2, 3
Let s(t) = t + 9. Let o be s(-9). Suppose 5*y + 10 = o, -5*y - 5 - 5 = -3*f. Suppose f = -m + 2. List the prime factors of m.
2
Suppose -3*d + 5 = -4. Let j = 23 - d. What are the prime factors of j?
2, 5
Let a be (1 - -1)*(-6)/4. Let w be 3/(3/(-1))*a. Let l = 6 - w. List the prime factors of l.
3
Let h(g) = g**2 + 4*g + 2. Let i be 1/(1*(-3)/12). List the prime factors of h(i).
2
Let g(k) = -2*k + 12. Let z be g(-6). Suppose -10*m = -13*m + z. List the prime factors of m.
2
Suppose 0 = -4*u + 432 - 60. Let i = u - 59. What are the prime factors of i?
2, 17
Let i(g) = -3*g**2 + 3*g + 2. Let s = -4 + 7. Let j be i(s). List the prime factors of 2*(-4)/(j/6).
3
